{"id":410,"date":"2022-03-31T11:33:28","date_gmt":"2022-03-31T11:33:28","guid":{"rendered":"https:\/\/orientationcarrefour.ma\/?page_id=410"},"modified":"2025-12-11T18:52:32","modified_gmt":"2025-12-11T18:52:32","slug":"evenements","status":"publish","type":"page","link":"https:\/\/orientationcarrefour.ma\/?page_id=410","title":{"rendered":"Ev\u00e9nements"},"content":{"rendered":"\t\t<div data-elementor-type=\"wp-page\" data-elementor-id=\"410\" class=\"elementor elementor-410\">\n\t\t\t\t\t\t<section class=\"elementor-section elementor-top-section elementor-element elementor-element-25140bae elementor-section-boxed elementor-section-height-default elementor-section-height-default\" data-id=\"25140bae\" data-element_type=\"section\" data-e-type=\"section\">\n\t\t\t\t\t\t<div class=\"elementor-container elementor-column-gap-default\">\n\t\t\t\t\t<div class=\"elementor-column elementor-col-100 elementor-top-column elementor-element elementor-element-b8d73bc\" data-id=\"b8d73bc\" data-element_type=\"column\" data-e-type=\"column\">\n\t\t\t<div class=\"elementor-widget-wrap elementor-element-populated\">\n\t\t\t\t\t\t<div class=\"elementor-element elementor-element-839db86 elementor-widget-divider--view-line elementor-widget elementor-widget-divider\" data-id=\"839db86\" data-element_type=\"widget\" data-e-type=\"widget\" data-widget_type=\"divider.default\">\n\t\t\t\t<div class=\"elementor-widget-container\">\n\t\t\t\t\t\t\t<div class=\"elementor-divider\">\n\t\t\t<span class=\"elementor-divider-separator\">\n\t\t\t\t\t\t<\/span>\n\t\t<\/div>\n\t\t\t\t\t\t<\/div>\n\t\t\t\t<\/div>\n\t\t\t\t\t<\/div>\n\t\t<\/div>\n\t\t\t\t\t<\/div>\n\t\t<\/section>\n\t\t\t\t<section class=\"elementor-section elementor-top-section elementor-element elementor-element-71e5ad13 elementor-section-content-middle elementor-hidden-mobile elementor-section-boxed elementor-section-height-default elementor-section-height-default\" data-id=\"71e5ad13\" data-element_type=\"section\" data-e-type=\"section\" data-settings=\"{&quot;background_background&quot;:&quot;classic&quot;}\">\n\t\t\t\t\t\t\t<div class=\"elementor-background-overlay\"><\/div>\n\t\t\t\t\t\t\t<div class=\"elementor-container elementor-column-gap-no\">\n\t\t\t\t\t<div class=\"elementor-column elementor-col-100 elementor-top-column elementor-element elementor-element-19753a0\" data-id=\"19753a0\" data-element_type=\"column\" data-e-type=\"column\">\n\t\t\t<div class=\"elementor-widget-wrap elementor-element-populated\">\n\t\t\t\t\t\t<div class=\"elementor-element elementor-element-2ebd3b27 elementor-widget elementor-widget-heading\" data-id=\"2ebd3b27\" data-element_type=\"widget\" data-e-type=\"widget\" data-widget_type=\"heading.default\">\n\t\t\t\t<div class=\"elementor-widget-container\">\n\t\t\t\t\t<h1 class=\"elementor-heading-title elementor-size-default\">Ev\u00e8nements<\/h1>\t\t\t\t<\/div>\n\t\t\t\t<\/div>\n\t\t\t\t<div class=\"elementor-element elementor-element-341e7a6 elementor-widget elementor-widget-text-editor\" data-id=\"341e7a6\" data-element_type=\"widget\" data-e-type=\"widget\" data-widget_type=\"text-editor.default\">\n\t\t\t\t<div class=\"elementor-widget-container\">\n\t\t\t\t\t\t\t\t\t<p>Depuis plus d\u2019un quart de si\u00e8cle, Orientation Carrefour sous l\u2019\u00e9gide permanente du minist\u00e8re de L\u2019Education Nationale, de l\u2019enseignement pr\u00e9scolaire et du sport, ne m\u00e9nage aucun effort pour fournir \u00e0 nos \u00e9l\u00e8ves toutes les informations n\u00e9cessaires pour les accompagner \u00e0 choisir un cursus universitaire ad\u00e9quat ; et chemin faisant contribuer \u00e0 l\u2019\u00e9galit\u00e9 des chances pour s\u2019informer.<br \/>Dans cette optique, chaque ann\u00e9e Orientation Carrefour organise:<\/p><ul><li>Une foire des Universit\u00e9s Espagnoles au Maroc ;<\/li><li>Des forums de l\u2019Orientation Scolaire, Universitaire et de l\u2019Entrepreneuriat ;<\/li><li>Une caravane \u00ab Motivation Orientation Vers l\u2019Excellence MOVE <b style=\"font-style: inherit;\">\u00bb <\/b>dans diff\u00e9rentes villes du Royaume .<\/li><\/ul>\t\t\t\t\t\t\t\t<\/div>\n\t\t\t\t<\/div>\n\t\t\t\t\t<\/div>\n\t\t<\/div>\n\t\t\t\t\t<\/div>\n\t\t<\/section>\n\t\t\t\t<section class=\"elementor-section elementor-top-section elementor-element elementor-element-581f0d7 elementor-section-boxed elementor-section-height-default elementor-section-height-default\" data-id=\"581f0d7\" data-element_type=\"section\" data-e-type=\"section\">\n\t\t\t\t\t\t<div class=\"elementor-container elementor-column-gap-default\">\n\t\t\t\t\t<div class=\"elementor-column elementor-col-100 elementor-top-column elementor-element elementor-element-80b3582\" data-id=\"80b3582\" data-element_type=\"column\" data-e-type=\"column\">\n\t\t\t<div class=\"elementor-widget-wrap elementor-element-populated\">\n\t\t\t\t\t\t<div class=\"elementor-element elementor-element-c2755e6 elementor-invisible elementor-widget elementor-widget-image\" data-id=\"c2755e6\" data-element_type=\"widget\" data-e-type=\"widget\" data-settings=\"{&quot;_animation&quot;:&quot;bounceIn&quot;}\" data-widget_type=\"image.default\">\n\t\t\t\t<div class=\"elementor-widget-container\">\n\t\t\t\t\t\t\t\t\t\t\t\t\t\t\t<img fetchpriority=\"high\" decoding=\"async\" width=\"1024\" height=\"724\" src=\"https:\/\/orientationcarrefour.ma\/wp-content\/uploads\/2025\/12\/program-1024x724.jpeg\" class=\"attachment-large size-large wp-image-1690\" alt=\"\" srcset=\"https:\/\/orientationcarrefour.ma\/wp-content\/uploads\/2025\/12\/program-1024x724.jpeg 1024w, https:\/\/orientationcarrefour.ma\/wp-content\/uploads\/2025\/12\/program-300x212.jpeg 300w, https:\/\/orientationcarrefour.ma\/wp-content\/uploads\/2025\/12\/program-768x543.jpeg 768w, https:\/\/orientationcarrefour.ma\/wp-content\/uploads\/2025\/12\/program-1536x1086.jpeg 1536w, https:\/\/orientationcarrefour.ma\/wp-content\/uploads\/2025\/12\/program.jpeg 1600w\" sizes=\"(max-width: 1024px) 100vw, 1024px\" \/>\t\t\t\t\t\t\t\t\t\t\t\t\t\t\t<\/div>\n\t\t\t\t<\/div>\n\t\t\t\t<div class=\"elementor-element elementor-element-514231c elementor-invisible elementor-widget elementor-widget-image\" data-id=\"514231c\" data-element_type=\"widget\" data-e-type=\"widget\" data-settings=\"{&quot;_animation&quot;:&quot;bounceInDown&quot;}\" data-widget_type=\"image.default\">\n\t\t\t\t<div class=\"elementor-widget-container\">\n\t\t\t\t\t\t\t\t\t\t\t\t\t\t\t<img decoding=\"async\" width=\"1024\" height=\"723\" src=\"https:\/\/orientationcarrefour.ma\/wp-content\/uploads\/2025\/10\/Programme-slide-2-JOSUE-1024x723.jpeg\" class=\"attachment-large size-large wp-image-1638\" alt=\"\" srcset=\"https:\/\/orientationcarrefour.ma\/wp-content\/uploads\/2025\/10\/Programme-slide-2-JOSUE-1024x723.jpeg 1024w, https:\/\/orientationcarrefour.ma\/wp-content\/uploads\/2025\/10\/Programme-slide-2-JOSUE-300x212.jpeg 300w, https:\/\/orientationcarrefour.ma\/wp-content\/uploads\/2025\/10\/Programme-slide-2-JOSUE-768x542.jpeg 768w, https:\/\/orientationcarrefour.ma\/wp-content\/uploads\/2025\/10\/Programme-slide-2-JOSUE-1536x1084.jpeg 1536w, https:\/\/orientationcarrefour.ma\/wp-content\/uploads\/2025\/10\/Programme-slide-2-JOSUE.jpeg 1600w\" sizes=\"(max-width: 1024px) 100vw, 1024px\" \/>\t\t\t\t\t\t\t\t\t\t\t\t\t\t\t<\/div>\n\t\t\t\t<\/div>\n\t\t\t\t<div class=\"elementor-element elementor-element-197868f elementor-invisible elementor-widget elementor-widget-image\" data-id=\"197868f\" data-element_type=\"widget\" data-e-type=\"widget\" data-settings=\"{&quot;_animation&quot;:&quot;bounceInUp&quot;}\" data-widget_type=\"image.default\">\n\t\t\t\t<div class=\"elementor-widget-container\">\n\t\t\t\t\t\t\t\t\t\t\t\t\t\t\t<img decoding=\"async\" width=\"1024\" height=\"723\" src=\"https:\/\/orientationcarrefour.ma\/wp-content\/uploads\/2025\/10\/programme-slide-3-mov-1024x723.jpeg\" class=\"attachment-large size-large wp-image-1639\" alt=\"\" srcset=\"https:\/\/orientationcarrefour.ma\/wp-content\/uploads\/2025\/10\/programme-slide-3-mov-1024x723.jpeg 1024w, https:\/\/orientationcarrefour.ma\/wp-content\/uploads\/2025\/10\/programme-slide-3-mov-300x212.jpeg 300w, https:\/\/orientationcarrefour.ma\/wp-content\/uploads\/2025\/10\/programme-slide-3-mov-768x542.jpeg 768w, https:\/\/orientationcarrefour.ma\/wp-content\/uploads\/2025\/10\/programme-slide-3-mov-1536x1085.jpeg 1536w, https:\/\/orientationcarrefour.ma\/wp-content\/uploads\/2025\/10\/programme-slide-3-mov.jpeg 1600w\" sizes=\"(max-width: 1024px) 100vw, 1024px\" \/>\t\t\t\t\t\t\t\t\t\t\t\t\t\t\t<\/div>\n\t\t\t\t<\/div>\n\t\t\t\t\t<\/div>\n\t\t<\/div>\n\t\t\t\t\t<\/div>\n\t\t<\/section>\n\t\t\t\t<section class=\"elementor-section elementor-top-section elementor-element elementor-element-dcab07e elementor-section-boxed elementor-section-height-default elementor-section-height-default\" data-id=\"dcab07e\" data-element_type=\"section\" data-e-type=\"section\">\n\t\t\t\t\t\t<div class=\"elementor-container elementor-column-gap-default\">\n\t\t\t\t\t<div class=\"elementor-column elementor-col-33 elementor-top-column elementor-element elementor-element-3b06017 elementor-hidden-mobile\" data-id=\"3b06017\" data-element_type=\"column\" data-e-type=\"column\">\n\t\t\t<div class=\"elementor-widget-wrap\">\n\t\t\t\t\t\t\t<\/div>\n\t\t<\/div>\n\t\t\t\t<div class=\"elementor-column elementor-col-33 elementor-top-column elementor-element elementor-element-3548fb6\" data-id=\"3548fb6\" data-element_type=\"column\" data-e-type=\"column\">\n\t\t\t<div class=\"elementor-widget-wrap\">\n\t\t\t\t\t\t\t<\/div>\n\t\t<\/div>\n\t\t\t\t<div class=\"elementor-column elementor-col-33 elementor-top-column elementor-element elementor-element-65c4572 elementor-hidden-mobile\" data-id=\"65c4572\" data-element_type=\"column\" data-e-type=\"column\">\n\t\t\t<div class=\"elementor-widget-wrap\">\n\t\t\t\t\t\t\t<\/div>\n\t\t<\/div>\n\t\t\t\t\t<\/div>\n\t\t<\/section>\n\t\t\t\t<section class=\"elementor-section elementor-top-section elementor-element elementor-element-8b70a78 elementor-section-boxed elementor-section-height-default elementor-section-height-default\" data-id=\"8b70a78\" data-element_type=\"section\" data-e-type=\"section\">\n\t\t\t\t\t\t<div class=\"elementor-container elementor-column-gap-default\">\n\t\t\t\t\t<div class=\"elementor-column elementor-col-100 elementor-top-column elementor-element elementor-element-066b2cd\" data-id=\"066b2cd\" data-element_type=\"column\" data-e-type=\"column\">\n\t\t\t<div class=\"elementor-widget-wrap elementor-element-populated\">\n\t\t\t\t\t\t<div class=\"elementor-element elementor-element-577d183 elementor-widget-divider--view-line elementor-widget elementor-widget-divider\" data-id=\"577d183\" data-element_type=\"widget\" data-e-type=\"widget\" data-widget_type=\"divider.default\">\n\t\t\t\t<div class=\"elementor-widget-container\">\n\t\t\t\t\t\t\t<div class=\"elementor-divider\">\n\t\t\t<span class=\"elementor-divider-separator\">\n\t\t\t\t\t\t<\/span>\n\t\t<\/div>\n\t\t\t\t\t\t<\/div>\n\t\t\t\t<\/div>\n\t\t\t\t\t<\/div>\n\t\t<\/div>\n\t\t\t\t\t<\/div>\n\t\t<\/section>\n\t\t\t\t<\/div>\n\t\t","protected":false},"excerpt":{"rendered":"<p>Ev\u00e8nements Depuis plus d\u2019un quart de si\u00e8cle, Orientation Carrefour sous l\u2019\u00e9gide permanente du minist\u00e8re de L\u2019Education Nationale, de l\u2019enseignement pr\u00e9scolaire et du sport, ne m\u00e9nage aucun effort pour fournir \u00e0 nos \u00e9l\u00e8ves toutes les informations n\u00e9cessaires pour les accompagner \u00e0 choisir un cursus universitaire ad\u00e9quat ; et chemin faisant contribuer \u00e0 l\u2019\u00e9galit\u00e9 des chances pour [&hellip;]<\/p>\n","protected":false},"author":3,"featured_media":0,"parent":0,"menu_order":0,"comment_status":"closed","ping_status":"closed","template":"","meta":{"site-sidebar-layout":"no-sidebar","site-content-layout":"page-builder","ast-site-content-layout":"","site-content-style":"default","site-sidebar-style":"default","ast-global-header-display":"","ast-banner-title-visibility":"","ast-main-header-display":"","ast-hfb-above-header-display":"","ast-hfb-below-header-display":"","ast-hfb-mobile-header-display":"","site-post-title":"disabled","ast-breadcrumbs-content":"","ast-featured-img":"disabled","footer-sml-layout":"","theme-transparent-header-meta":"","adv-header-id-meta":"","stick-header-meta":"","header-above-stick-meta":"","header-main-stick-meta":"","header-below-stick-meta":"","astra-migrate-meta-layouts":"default","ast-page-background-enabled":"default","ast-page-background-meta":{"desktop":{"background-color":"","background-image":"","background-repeat":"repeat","background-position":"center center","background-size":"auto","background-attachment":"scroll","background-type":"","background-media":"","overlay-type":"","overlay-color":"","overlay-opacity":"","overlay-gradient":""},"tablet":{"background-color":"","background-image":"","background-repeat":"repeat","background-position":"center center","background-size":"auto","background-attachment":"scroll","background-type":"","background-media":"","overlay-type":"","overlay-color":"","overlay-opacity":"","overlay-gradient":""},"mobile":{"background-color":"","background-image":"","background-repeat":"repeat","background-position":"center center","background-size":"auto","background-attachment":"scroll","background-type":"","background-media":"","overlay-type":"","overlay-color":"","overlay-opacity":"","overlay-gradient":""}},"ast-content-background-meta":{"desktop":{"background-color":"var(--ast-global-color-5)","background-image":"","background-repeat":"repeat","background-position":"center center","background-size":"auto","background-attachment":"scroll","background-type":"","background-media":"","overlay-type":"","overlay-color":"","overlay-opacity":"","overlay-gradient":""},"tablet":{"background-color":"var(--ast-global-color-5)","background-image":"","background-repeat":"repeat","background-position":"center center","background-size":"auto","background-attachment":"scroll","background-type":"","background-media":"","overlay-type":"","overlay-color":"","overlay-opacity":"","overlay-gradient":""},"mobile":{"background-color":"var(--ast-global-color-5)","background-image":"","background-repeat":"repeat","background-position":"center center","background-size":"auto","background-attachment":"scroll","background-type":"","background-media":"","overlay-type":"","overlay-color":"","overlay-opacity":"","overlay-gradient":""}},"footnotes":""},"class_list":["post-410","page","type-page","status-publish","hentry"],"_links":{"self":[{"href":"https:\/\/orientationcarrefour.ma\/index.php?rest_route=\/wp\/v2\/pages\/410","targetHints":{"allow":["GET"]}}],"collection":[{"href":"https:\/\/orientationcarrefour.ma\/index.php?rest_route=\/wp\/v2\/pages"}],"about":[{"href":"https:\/\/orientationcarrefour.ma\/index.php?rest_route=\/wp\/v2\/types\/page"}],"author":[{"embeddable":true,"href":"https:\/\/orientationcarrefour.ma\/index.php?rest_route=\/wp\/v2\/users\/3"}],"replies":[{"embeddable":true,"href":"https:\/\/orientationcarrefour.ma\/index.php?rest_route=%2Fwp%2Fv2%2Fcomments&post=410"}],"version-history":[{"count":175,"href":"https:\/\/orientationcarrefour.ma\/index.php?rest_route=\/wp\/v2\/pages\/410\/revisions"}],"predecessor-version":[{"id":1693,"href":"https:\/\/orientationcarrefour.ma\/index.php?rest_route=\/wp\/v2\/pages\/410\/revisions\/1693"}],"wp:attachment":[{"href":"https:\/\/orientationcarrefour.ma\/index.php?rest_route=%2Fwp%2Fv2%2Fmedia&parent=410"}],"curies":[{"name":"wp","href":"https:\/\/api.w.org\/{rel}","templated":true}]}}